{"id":58,"date":"2025-10-06T08:49:22","date_gmt":"2025-10-06T08:49:22","guid":{"rendered":"https:\/\/zen-shiatsu-bordeaux.com\/?page_id=58"},"modified":"2025-10-06T10:19:44","modified_gmt":"2025-10-06T10:19:44","slug":"tarifs","status":"publish","type":"page","link":"https:\/\/zen-shiatsu-bordeaux.com\/index.php\/tarifs\/","title":{"rendered":"Tarifs"},"content":{"rendered":"<blockquote>\n<p>\u00ab Il faut savoir le prix de l\u2019argent : les prodigues ne le savent pas, et les avares encore moins. \u00bb<\/p>\n<p>  <cite>\u2014 Montesquieu, <em>Mes pens\u00e9es<\/em><\/cite>\n<\/p><\/blockquote>\n<h2>Tarifs \u00e0 la s\u00e9ance<\/h2>\n<ul>\n<li><strong>Adulte<\/strong> : 50 \u20ac\/s\u00e9ance<\/li>\n<li><strong>Enfant jusqu\u2019\u00e0 14 ans inclus<\/strong> : 30 \u20ac\/s\u00e9ance<\/li>\n<li><strong>\u00c9tudiants 18\u201324 ans &#038; personnes en recherche d\u2019emploi<\/strong> : 30 \u20ac\/s\u00e9ance<\/li>\n<\/ul>\n<p><em>Paiement par ch\u00e8que ou esp\u00e8ces \u00e0 la fin de la s\u00e9ance. Certaines mutuelles remboursent : renseignez-vous aupr\u00e8s de la v\u00f4tre.<\/em><\/p>\n<h2>Abonnements<\/h2>\n<ul>\n<li><strong>4 saisons<\/strong> (1 s\u00e9ance \u00e0 chaque intersaison) : <strong>170 \u20ac<\/strong> au lieu de 200 \u20ac<\/li>\n<li><strong>8 s\u00e9ances<\/strong> : <strong>320 \u20ac<\/strong> au lieu de 400 \u20ac (validit\u00e9 12 mois)<\/li>\n<li><strong>12 s\u00e9ances<\/strong> : <strong>450 \u20ac<\/strong> au lieu de 600 \u20ac (validit\u00e9 24 mois)<\/li>\n<\/ul>\n<p>Les abonnements de 8 ou 12 s\u00e9ances peuvent, sur demande de l\u2019acheteur\/acheteuse, \u00eatre <strong>utilis\u00e9s par plusieurs personnes<\/strong>.<\/p>\n","protected":false},"excerpt":{"rendered":"<p>\u00ab Il faut savoir le prix de l\u2019argent : les prodigues ne le savent pas, et les avares encore moins. \u00bb \u2014 Montesquieu, Mes pens\u00e9es Tarifs \u00e0 la s\u00e9ance Adulte : 50 \u20ac\/s\u00e9ance Enfant jusqu\u2019\u00e0 14 ans inclus : 30 \u20ac\/s\u00e9ance \u00c9tudiants 18\u201324 ans &#038; personnes en recherche d\u2019emploi : [&hellip;]<\/p>\n","protected":false},"author":1,"featured_media":0,"parent":0,"menu_order":0,"comment_status":"closed","ping_status":"closed","template":"","meta":{"footnotes":""},"class_list":["post-58","page","type-page","status-publish","hentry"],"yoast_head":"<!-- This site is optimized with the Yoast SEO plugin v26.6 - https:\/\/yoast.com\/wordpress\/plugins\/seo\/ -->\n<title>Tarifs - Zen Shiatsu<\/title>\n<meta name=\"robots\" content=\"index, follow, max-snippet:-1, max-image-preview:large, max-video-preview:-1\" \/>\n<link rel=\"canonical\" href=\"https:\/\/zen-shiatsu-bordeaux.com\/index.php\/tarifs\/\" \/>\n<meta property=\"og:locale\" content=\"fr_FR\" \/>\n<meta property=\"og:type\" content=\"article\" \/>\n<meta property=\"og:title\" content=\"Tarifs - Zen Shiatsu\" \/>\n<meta property=\"og:description\" content=\"\u00ab Il faut savoir le prix de l\u2019argent : les prodigues ne le savent pas, et les avares encore moins. \u00bb \u2014 Montesquieu, Mes pens\u00e9es Tarifs \u00e0 la s\u00e9ance Adulte : 50 \u20ac\/s\u00e9ance Enfant jusqu\u2019\u00e0 14 ans inclus : 30 \u20ac\/s\u00e9ance \u00c9tudiants 18\u201324 ans &#038; personnes en recherche d\u2019emploi : [&hellip;]\" \/>\n<meta property=\"og:url\" content=\"https:\/\/zen-shiatsu-bordeaux.com\/index.php\/tarifs\/\" \/>\n<meta property=\"og:site_name\" content=\"Zen Shiatsu\" \/>\n<meta property=\"article:modified_time\" content=\"2025-10-06T10:19:44+00:00\" \/>\n<meta name=\"twitter:card\" content=\"summary_large_image\" \/>\n<meta name=\"twitter:label1\" content=\"Dur\u00e9e de lecture estim\u00e9e\" \/>\n\t<meta name=\"twitter:data1\" content=\"1 minute\" \/>\n<script type=\"application\/ld+json\" class=\"yoast-schema-graph\">{\"@context\":\"https:\/\/schema.org\",\"@graph\":[{\"@type\":\"WebPage\",\"@id\":\"https:\/\/zen-shiatsu-bordeaux.com\/index.php\/tarifs\/\",\"url\":\"https:\/\/zen-shiatsu-bordeaux.com\/index.php\/tarifs\/\",\"name\":\"Tarifs - Zen Shiatsu\",\"isPartOf\":{\"@id\":\"http:\/\/zen-shiatsu-bordeaux.com\/#website\"},\"datePublished\":\"2025-10-06T08:49:22+00:00\",\"dateModified\":\"2025-10-06T10:19:44+00:00\",\"breadcrumb\":{\"@id\":\"https:\/\/zen-shiatsu-bordeaux.com\/index.php\/tarifs\/#breadcrumb\"},\"inLanguage\":\"fr-FR\",\"potentialAction\":[{\"@type\":\"ReadAction\",\"target\":[\"https:\/\/zen-shiatsu-bordeaux.com\/index.php\/tarifs\/\"]}]},{\"@type\":\"BreadcrumbList\",\"@id\":\"https:\/\/zen-shiatsu-bordeaux.com\/index.php\/tarifs\/#breadcrumb\",\"itemListElement\":[{\"@type\":\"ListItem\",\"position\":1,\"name\":\"Accueil\",\"item\":\"http:\/\/zen-shiatsu-bordeaux.com\/\"},{\"@type\":\"ListItem\",\"position\":2,\"name\":\"Tarifs\"}]},{\"@type\":\"WebSite\",\"@id\":\"http:\/\/zen-shiatsu-bordeaux.com\/#website\",\"url\":\"http:\/\/zen-shiatsu-bordeaux.com\/\",\"name\":\"Zen Shiatsu\",\"description\":\"Pierre E. RUELLE\",\"publisher\":{\"@id\":\"http:\/\/zen-shiatsu-bordeaux.com\/#\/schema\/person\/330fe87b15c665ee25f03b4b15b939f0\"},\"potentialAction\":[{\"@type\":\"SearchAction\",\"target\":{\"@type\":\"EntryPoint\",\"urlTemplate\":\"http:\/\/zen-shiatsu-bordeaux.com\/?s={search_term_string}\"},\"query-input\":{\"@type\":\"PropertyValueSpecification\",\"valueRequired\":true,\"valueName\":\"search_term_string\"}}],\"inLanguage\":\"fr-FR\"},{\"@type\":[\"Person\",\"Organization\"],\"@id\":\"http:\/\/zen-shiatsu-bordeaux.com\/#\/schema\/person\/330fe87b15c665ee25f03b4b15b939f0\",\"name\":\"Pierre RUELLE\",\"image\":{\"@type\":\"ImageObject\",\"inLanguage\":\"fr-FR\",\"@id\":\"http:\/\/zen-shiatsu-bordeaux.com\/#\/schema\/person\/image\/\",\"url\":\"https:\/\/zen-shiatsu-bordeaux.com\/wp-content\/uploads\/2025\/10\/LOGOZENSHIATSU.png\",\"contentUrl\":\"https:\/\/zen-shiatsu-bordeaux.com\/wp-content\/uploads\/2025\/10\/LOGOZENSHIATSU.png\",\"width\":217,\"height\":217,\"caption\":\"Pierre RUELLE\"},\"logo\":{\"@id\":\"http:\/\/zen-shiatsu-bordeaux.com\/#\/schema\/person\/image\/\"},\"sameAs\":[\"http:\/\/zen-shiatsu-bordeaux.com\"]}]}<\/script>\n<!-- \/ Yoast SEO plugin. -->","yoast_head_json":{"title":"Tarifs - Zen Shiatsu","robots":{"index":"index","follow":"follow","max-snippet":"max-snippet:-1","max-image-preview":"max-image-preview:large","max-video-preview":"max-video-preview:-1"},"canonical":"https:\/\/zen-shiatsu-bordeaux.com\/index.php\/tarifs\/","og_locale":"fr_FR","og_type":"article","og_title":"Tarifs - Zen Shiatsu","og_description":"\u00ab Il faut savoir le prix de l\u2019argent : les prodigues ne le savent pas, et les avares encore moins. \u00bb \u2014 Montesquieu, Mes pens\u00e9es Tarifs \u00e0 la s\u00e9ance Adulte : 50 \u20ac\/s\u00e9ance Enfant jusqu\u2019\u00e0 14 ans inclus : 30 \u20ac\/s\u00e9ance \u00c9tudiants 18\u201324 ans &#038; personnes en recherche d\u2019emploi : [&hellip;]","og_url":"https:\/\/zen-shiatsu-bordeaux.com\/index.php\/tarifs\/","og_site_name":"Zen Shiatsu","article_modified_time":"2025-10-06T10:19:44+00:00","twitter_card":"summary_large_image","twitter_misc":{"Dur\u00e9e de lecture estim\u00e9e":"1 minute"},"schema":{"@context":"https:\/\/schema.org","@graph":[{"@type":"WebPage","@id":"https:\/\/zen-shiatsu-bordeaux.com\/index.php\/tarifs\/","url":"https:\/\/zen-shiatsu-bordeaux.com\/index.php\/tarifs\/","name":"Tarifs - Zen Shiatsu","isPartOf":{"@id":"http:\/\/zen-shiatsu-bordeaux.com\/#website"},"datePublished":"2025-10-06T08:49:22+00:00","dateModified":"2025-10-06T10:19:44+00:00","breadcrumb":{"@id":"https:\/\/zen-shiatsu-bordeaux.com\/index.php\/tarifs\/#breadcrumb"},"inLanguage":"fr-FR","potentialAction":[{"@type":"ReadAction","target":["https:\/\/zen-shiatsu-bordeaux.com\/index.php\/tarifs\/"]}]},{"@type":"BreadcrumbList","@id":"https:\/\/zen-shiatsu-bordeaux.com\/index.php\/tarifs\/#breadcrumb","itemListElement":[{"@type":"ListItem","position":1,"name":"Accueil","item":"http:\/\/zen-shiatsu-bordeaux.com\/"},{"@type":"ListItem","position":2,"name":"Tarifs"}]},{"@type":"WebSite","@id":"http:\/\/zen-shiatsu-bordeaux.com\/#website","url":"http:\/\/zen-shiatsu-bordeaux.com\/","name":"Zen Shiatsu","description":"Pierre E. RUELLE","publisher":{"@id":"http:\/\/zen-shiatsu-bordeaux.com\/#\/schema\/person\/330fe87b15c665ee25f03b4b15b939f0"},"potentialAction":[{"@type":"SearchAction","target":{"@type":"EntryPoint","urlTemplate":"http:\/\/zen-shiatsu-bordeaux.com\/?s={search_term_string}"},"query-input":{"@type":"PropertyValueSpecification","valueRequired":true,"valueName":"search_term_string"}}],"inLanguage":"fr-FR"},{"@type":["Person","Organization"],"@id":"http:\/\/zen-shiatsu-bordeaux.com\/#\/schema\/person\/330fe87b15c665ee25f03b4b15b939f0","name":"Pierre RUELLE","image":{"@type":"ImageObject","inLanguage":"fr-FR","@id":"http:\/\/zen-shiatsu-bordeaux.com\/#\/schema\/person\/image\/","url":"https:\/\/zen-shiatsu-bordeaux.com\/wp-content\/uploads\/2025\/10\/LOGOZENSHIATSU.png","contentUrl":"https:\/\/zen-shiatsu-bordeaux.com\/wp-content\/uploads\/2025\/10\/LOGOZENSHIATSU.png","width":217,"height":217,"caption":"Pierre RUELLE"},"logo":{"@id":"http:\/\/zen-shiatsu-bordeaux.com\/#\/schema\/person\/image\/"},"sameAs":["http:\/\/zen-shiatsu-bordeaux.com"]}]}},"_links":{"self":[{"href":"https:\/\/zen-shiatsu-bordeaux.com\/index.php\/wp-json\/wp\/v2\/pages\/58","targetHints":{"allow":["GET"]}}],"collection":[{"href":"https:\/\/zen-shiatsu-bordeaux.com\/index.php\/wp-json\/wp\/v2\/pages"}],"about":[{"href":"https:\/\/zen-shiatsu-bordeaux.com\/index.php\/wp-json\/wp\/v2\/types\/page"}],"author":[{"embeddable":true,"href":"https:\/\/zen-shiatsu-bordeaux.com\/index.php\/wp-json\/wp\/v2\/users\/1"}],"replies":[{"embeddable":true,"href":"https:\/\/zen-shiatsu-bordeaux.com\/index.php\/wp-json\/wp\/v2\/comments?post=58"}],"version-history":[{"count":3,"href":"https:\/\/zen-shiatsu-bordeaux.com\/index.php\/wp-json\/wp\/v2\/pages\/58\/revisions"}],"predecessor-version":[{"id":131,"href":"https:\/\/zen-shiatsu-bordeaux.com\/index.php\/wp-json\/wp\/v2\/pages\/58\/revisions\/131"}],"wp:attachment":[{"href":"https:\/\/zen-shiatsu-bordeaux.com\/index.php\/wp-json\/wp\/v2\/media?parent=58"}],"curies":[{"name":"wp","href":"https:\/\/api.w.org\/{rel}","templated":true}]}}