{"id":55,"date":"2025-10-06T08:49:22","date_gmt":"2025-10-06T08:49:22","guid":{"rendered":"https:\/\/zen-shiatsu-bordeaux.com\/?page_id=55"},"modified":"2026-01-14T12:56:06","modified_gmt":"2026-01-14T12:56:06","slug":"drainage-lympho-energetique","status":"publish","type":"page","link":"https:\/\/zen-shiatsu-bordeaux.com\/index.php\/drainage-lympho-energetique\/","title":{"rendered":"Drainage lympho-\u00e9nerg\u00e9tique"},"content":{"rendered":"<blockquote><p>\u00ab Donne toujours plus que tu ne peux reprendre. Et oublie. Telle est la voie sacr\u00e9e. \u00bb<\/p>\n<p><cite>\u2014 Ren\u00e9 Char<\/cite><\/p><\/blockquote>\n<p>Le drainage lympho-\u00e9nerg\u00e9tique associe un massage manuel adapt\u00e9 \u00e0 un travail, via le shiatsu, sur certains \u00ab merveilleux vaisseaux \u00bb afin de stimuler la circulation lymphatique. L\u2019objectif : aider la lymphe \u00e0 retrouver vitalit\u00e9, favoriser l\u2019\u00e9limination et soutenir les d\u00e9fenses immunitaires.<\/p>\n<h2>B\u00e9n\u00e9fices observ\u00e9s<\/h2>\n<ul>\n<li>R\u00e9tention d\u2019eau (ex. : jambes lourdes qui gonflent en \u00e9t\u00e9)<\/li>\n<li>Douleurs inflammatoires, raideurs articulaires<\/li>\n<li>Situations post-op\u00e9ratoires<\/li>\n<li>Fatigue g\u00e9n\u00e9rale, sensation de lourdeur<\/li>\n<\/ul>\n<h2>D\u00e9roulement &amp; tenue<\/h2>\n<ul>\n<li><strong>Support<\/strong> : s\u00e9ance sur table de massage<\/li>\n<li><strong>Tenue<\/strong> : v\u00eatements souples type jogging<\/li>\n<\/ul>\n<h2>R\u00e9sultats<\/h2>\n<p>D\u00e8s la premi\u00e8re s\u00e9ance, un r\u00e9sultat net est souvent constat\u00e9 (d\u00e9placement facilit\u00e9, moins de fatigue, regain de dynamisme). Selon l\u2019environnement, l\u2019\u00e2ge ou la s\u00e9dentarit\u00e9, plusieurs s\u00e9ances peuvent \u00eatre utiles.<\/p>\n<p><img loading=\"lazy\" decoding=\"async\" src=\"http:\/\/zen-shiatsu-bordeaux.com\/wp-content\/uploads\/2026\/01\/Stage-Lympho.energetique.jpeg\" alt=\"\" width=\"860\" height=\"601\" class=\"aligncenter wp-image-155 size-full\" srcset=\"https:\/\/zen-shiatsu-bordeaux.com\/wp-content\/uploads\/2026\/01\/Stage-Lympho.energetique.jpeg 860w, https:\/\/zen-shiatsu-bordeaux.com\/wp-content\/uploads\/2026\/01\/Stage-Lympho.energetique-300x210.jpeg 300w, https:\/\/zen-shiatsu-bordeaux.com\/wp-content\/uploads\/2026\/01\/Stage-Lympho.energetique-768x537.jpeg 768w\" sizes=\"auto, (max-width: 860px) 100vw, 860px\" \/><\/p>\n","protected":false},"excerpt":{"rendered":"<p>\u00ab Donne toujours plus que tu ne peux reprendre. Et oublie. Telle est la voie sacr\u00e9e. \u00bb \u2014 Ren\u00e9 Char Le drainage lympho-\u00e9nerg\u00e9tique associe un massage manuel adapt\u00e9 \u00e0 un travail, via le shiatsu, sur certains \u00ab merveilleux vaisseaux \u00bb afin de stimuler la circulation lymphatique. L\u2019objectif : aider la [&hellip;]<\/p>\n","protected":false},"author":1,"featured_media":0,"parent":0,"menu_order":0,"comment_status":"closed","ping_status":"closed","template":"","meta":{"footnotes":""},"class_list":["post-55","page","type-page","status-publish","hentry"],"yoast_head":"<!-- This site is optimized with the Yoast SEO plugin v26.6 - https:\/\/yoast.com\/wordpress\/plugins\/seo\/ -->\n<title>Drainage lympho-\u00e9nerg\u00e9tique - Zen Shiatsu<\/title>\n<meta name=\"robots\" content=\"index, follow, max-snippet:-1, max-image-preview:large, max-video-preview:-1\" \/>\n<link rel=\"canonical\" href=\"http:\/\/zen-shiatsu-bordeaux.com\/index.php\/drainage-lympho-energetique\/\" \/>\n<meta property=\"og:locale\" content=\"fr_FR\" \/>\n<meta property=\"og:type\" content=\"article\" \/>\n<meta property=\"og:title\" content=\"Drainage lympho-\u00e9nerg\u00e9tique - Zen Shiatsu\" \/>\n<meta property=\"og:description\" content=\"\u00ab Donne toujours plus que tu ne peux reprendre. Et oublie. Telle est la voie sacr\u00e9e. \u00bb \u2014 Ren\u00e9 Char Le drainage lympho-\u00e9nerg\u00e9tique associe un massage manuel adapt\u00e9 \u00e0 un travail, via le shiatsu, sur certains \u00ab merveilleux vaisseaux \u00bb afin de stimuler la circulation lymphatique. L\u2019objectif : aider la [&hellip;]\" \/>\n<meta property=\"og:url\" content=\"http:\/\/zen-shiatsu-bordeaux.com\/index.php\/drainage-lympho-energetique\/\" \/>\n<meta property=\"og:site_name\" content=\"Zen Shiatsu\" \/>\n<meta property=\"article:modified_time\" content=\"2026-01-14T12:56:06+00:00\" \/>\n<meta property=\"og:image\" content=\"http:\/\/zen-shiatsu-bordeaux.com\/wp-content\/uploads\/2026\/01\/Stage-Lympho.energetique.jpeg\" \/>\n<meta name=\"twitter:card\" content=\"summary_large_image\" \/>\n<meta name=\"twitter:label1\" content=\"Dur\u00e9e de lecture estim\u00e9e\" \/>\n\t<meta name=\"twitter:data1\" content=\"1 minute\" \/>\n<script type=\"application\/ld+json\" class=\"yoast-schema-graph\">{\"@context\":\"https:\/\/schema.org\",\"@graph\":[{\"@type\":\"WebPage\",\"@id\":\"http:\/\/zen-shiatsu-bordeaux.com\/index.php\/drainage-lympho-energetique\/\",\"url\":\"http:\/\/zen-shiatsu-bordeaux.com\/index.php\/drainage-lympho-energetique\/\",\"name\":\"Drainage lympho-\u00e9nerg\u00e9tique - Zen Shiatsu\",\"isPartOf\":{\"@id\":\"http:\/\/zen-shiatsu-bordeaux.com\/#website\"},\"primaryImageOfPage\":{\"@id\":\"http:\/\/zen-shiatsu-bordeaux.com\/index.php\/drainage-lympho-energetique\/#primaryimage\"},\"image\":{\"@id\":\"http:\/\/zen-shiatsu-bordeaux.com\/index.php\/drainage-lympho-energetique\/#primaryimage\"},\"thumbnailUrl\":\"http:\/\/zen-shiatsu-bordeaux.com\/wp-content\/uploads\/2026\/01\/Stage-Lympho.energetique.jpeg\",\"datePublished\":\"2025-10-06T08:49:22+00:00\",\"dateModified\":\"2026-01-14T12:56:06+00:00\",\"breadcrumb\":{\"@id\":\"http:\/\/zen-shiatsu-bordeaux.com\/index.php\/drainage-lympho-energetique\/#breadcrumb\"},\"inLanguage\":\"fr-FR\",\"potentialAction\":[{\"@type\":\"ReadAction\",\"target\":[\"http:\/\/zen-shiatsu-bordeaux.com\/index.php\/drainage-lympho-energetique\/\"]}]},{\"@type\":\"ImageObject\",\"inLanguage\":\"fr-FR\",\"@id\":\"http:\/\/zen-shiatsu-bordeaux.com\/index.php\/drainage-lympho-energetique\/#primaryimage\",\"url\":\"https:\/\/zen-shiatsu-bordeaux.com\/wp-content\/uploads\/2026\/01\/Stage-Lympho.energetique.jpeg\",\"contentUrl\":\"https:\/\/zen-shiatsu-bordeaux.com\/wp-content\/uploads\/2026\/01\/Stage-Lympho.energetique.jpeg\",\"width\":860,\"height\":601},{\"@type\":\"BreadcrumbList\",\"@id\":\"http:\/\/zen-shiatsu-bordeaux.com\/index.php\/drainage-lympho-energetique\/#breadcrumb\",\"itemListElement\":[{\"@type\":\"ListItem\",\"position\":1,\"name\":\"Accueil\",\"item\":\"http:\/\/zen-shiatsu-bordeaux.com\/\"},{\"@type\":\"ListItem\",\"position\":2,\"name\":\"Drainage lympho-\u00e9nerg\u00e9tique\"}]},{\"@type\":\"WebSite\",\"@id\":\"http:\/\/zen-shiatsu-bordeaux.com\/#website\",\"url\":\"http:\/\/zen-shiatsu-bordeaux.com\/\",\"name\":\"Zen Shiatsu\",\"description\":\"Pierre E. RUELLE\",\"publisher\":{\"@id\":\"http:\/\/zen-shiatsu-bordeaux.com\/#\/schema\/person\/330fe87b15c665ee25f03b4b15b939f0\"},\"potentialAction\":[{\"@type\":\"SearchAction\",\"target\":{\"@type\":\"EntryPoint\",\"urlTemplate\":\"http:\/\/zen-shiatsu-bordeaux.com\/?s={search_term_string}\"},\"query-input\":{\"@type\":\"PropertyValueSpecification\",\"valueRequired\":true,\"valueName\":\"search_term_string\"}}],\"inLanguage\":\"fr-FR\"},{\"@type\":[\"Person\",\"Organization\"],\"@id\":\"http:\/\/zen-shiatsu-bordeaux.com\/#\/schema\/person\/330fe87b15c665ee25f03b4b15b939f0\",\"name\":\"Pierre RUELLE\",\"image\":{\"@type\":\"ImageObject\",\"inLanguage\":\"fr-FR\",\"@id\":\"http:\/\/zen-shiatsu-bordeaux.com\/#\/schema\/person\/image\/\",\"url\":\"https:\/\/zen-shiatsu-bordeaux.com\/wp-content\/uploads\/2025\/10\/LOGOZENSHIATSU.png\",\"contentUrl\":\"https:\/\/zen-shiatsu-bordeaux.com\/wp-content\/uploads\/2025\/10\/LOGOZENSHIATSU.png\",\"width\":217,\"height\":217,\"caption\":\"Pierre RUELLE\"},\"logo\":{\"@id\":\"http:\/\/zen-shiatsu-bordeaux.com\/#\/schema\/person\/image\/\"},\"sameAs\":[\"http:\/\/zen-shiatsu-bordeaux.com\"]}]}<\/script>\n<!-- \/ Yoast SEO plugin. -->","yoast_head_json":{"title":"Drainage lympho-\u00e9nerg\u00e9tique - Zen Shiatsu","robots":{"index":"index","follow":"follow","max-snippet":"max-snippet:-1","max-image-preview":"max-image-preview:large","max-video-preview":"max-video-preview:-1"},"canonical":"http:\/\/zen-shiatsu-bordeaux.com\/index.php\/drainage-lympho-energetique\/","og_locale":"fr_FR","og_type":"article","og_title":"Drainage lympho-\u00e9nerg\u00e9tique - Zen Shiatsu","og_description":"\u00ab Donne toujours plus que tu ne peux reprendre. Et oublie. Telle est la voie sacr\u00e9e. \u00bb \u2014 Ren\u00e9 Char Le drainage lympho-\u00e9nerg\u00e9tique associe un massage manuel adapt\u00e9 \u00e0 un travail, via le shiatsu, sur certains \u00ab merveilleux vaisseaux \u00bb afin de stimuler la circulation lymphatique. L\u2019objectif : aider la [&hellip;]","og_url":"http:\/\/zen-shiatsu-bordeaux.com\/index.php\/drainage-lympho-energetique\/","og_site_name":"Zen Shiatsu","article_modified_time":"2026-01-14T12:56:06+00:00","og_image":[{"url":"http:\/\/zen-shiatsu-bordeaux.com\/wp-content\/uploads\/2026\/01\/Stage-Lympho.energetique.jpeg","type":"","width":"","height":""}],"twitter_card":"summary_large_image","twitter_misc":{"Dur\u00e9e de lecture estim\u00e9e":"1 minute"},"schema":{"@context":"https:\/\/schema.org","@graph":[{"@type":"WebPage","@id":"http:\/\/zen-shiatsu-bordeaux.com\/index.php\/drainage-lympho-energetique\/","url":"http:\/\/zen-shiatsu-bordeaux.com\/index.php\/drainage-lympho-energetique\/","name":"Drainage lympho-\u00e9nerg\u00e9tique - Zen Shiatsu","isPartOf":{"@id":"http:\/\/zen-shiatsu-bordeaux.com\/#website"},"primaryImageOfPage":{"@id":"http:\/\/zen-shiatsu-bordeaux.com\/index.php\/drainage-lympho-energetique\/#primaryimage"},"image":{"@id":"http:\/\/zen-shiatsu-bordeaux.com\/index.php\/drainage-lympho-energetique\/#primaryimage"},"thumbnailUrl":"http:\/\/zen-shiatsu-bordeaux.com\/wp-content\/uploads\/2026\/01\/Stage-Lympho.energetique.jpeg","datePublished":"2025-10-06T08:49:22+00:00","dateModified":"2026-01-14T12:56:06+00:00","breadcrumb":{"@id":"http:\/\/zen-shiatsu-bordeaux.com\/index.php\/drainage-lympho-energetique\/#breadcrumb"},"inLanguage":"fr-FR","potentialAction":[{"@type":"ReadAction","target":["http:\/\/zen-shiatsu-bordeaux.com\/index.php\/drainage-lympho-energetique\/"]}]},{"@type":"ImageObject","inLanguage":"fr-FR","@id":"http:\/\/zen-shiatsu-bordeaux.com\/index.php\/drainage-lympho-energetique\/#primaryimage","url":"https:\/\/zen-shiatsu-bordeaux.com\/wp-content\/uploads\/2026\/01\/Stage-Lympho.energetique.jpeg","contentUrl":"https:\/\/zen-shiatsu-bordeaux.com\/wp-content\/uploads\/2026\/01\/Stage-Lympho.energetique.jpeg","width":860,"height":601},{"@type":"BreadcrumbList","@id":"http:\/\/zen-shiatsu-bordeaux.com\/index.php\/drainage-lympho-energetique\/#breadcrumb","itemListElement":[{"@type":"ListItem","position":1,"name":"Accueil","item":"http:\/\/zen-shiatsu-bordeaux.com\/"},{"@type":"ListItem","position":2,"name":"Drainage lympho-\u00e9nerg\u00e9tique"}]},{"@type":"WebSite","@id":"http:\/\/zen-shiatsu-bordeaux.com\/#website","url":"http:\/\/zen-shiatsu-bordeaux.com\/","name":"Zen Shiatsu","description":"Pierre E. RUELLE","publisher":{"@id":"http:\/\/zen-shiatsu-bordeaux.com\/#\/schema\/person\/330fe87b15c665ee25f03b4b15b939f0"},"potentialAction":[{"@type":"SearchAction","target":{"@type":"EntryPoint","urlTemplate":"http:\/\/zen-shiatsu-bordeaux.com\/?s={search_term_string}"},"query-input":{"@type":"PropertyValueSpecification","valueRequired":true,"valueName":"search_term_string"}}],"inLanguage":"fr-FR"},{"@type":["Person","Organization"],"@id":"http:\/\/zen-shiatsu-bordeaux.com\/#\/schema\/person\/330fe87b15c665ee25f03b4b15b939f0","name":"Pierre RUELLE","image":{"@type":"ImageObject","inLanguage":"fr-FR","@id":"http:\/\/zen-shiatsu-bordeaux.com\/#\/schema\/person\/image\/","url":"https:\/\/zen-shiatsu-bordeaux.com\/wp-content\/uploads\/2025\/10\/LOGOZENSHIATSU.png","contentUrl":"https:\/\/zen-shiatsu-bordeaux.com\/wp-content\/uploads\/2025\/10\/LOGOZENSHIATSU.png","width":217,"height":217,"caption":"Pierre RUELLE"},"logo":{"@id":"http:\/\/zen-shiatsu-bordeaux.com\/#\/schema\/person\/image\/"},"sameAs":["http:\/\/zen-shiatsu-bordeaux.com"]}]}},"_links":{"self":[{"href":"https:\/\/zen-shiatsu-bordeaux.com\/index.php\/wp-json\/wp\/v2\/pages\/55","targetHints":{"allow":["GET"]}}],"collection":[{"href":"https:\/\/zen-shiatsu-bordeaux.com\/index.php\/wp-json\/wp\/v2\/pages"}],"about":[{"href":"https:\/\/zen-shiatsu-bordeaux.com\/index.php\/wp-json\/wp\/v2\/types\/page"}],"author":[{"embeddable":true,"href":"https:\/\/zen-shiatsu-bordeaux.com\/index.php\/wp-json\/wp\/v2\/users\/1"}],"replies":[{"embeddable":true,"href":"https:\/\/zen-shiatsu-bordeaux.com\/index.php\/wp-json\/wp\/v2\/comments?post=55"}],"version-history":[{"count":5,"href":"https:\/\/zen-shiatsu-bordeaux.com\/index.php\/wp-json\/wp\/v2\/pages\/55\/revisions"}],"predecessor-version":[{"id":156,"href":"https:\/\/zen-shiatsu-bordeaux.com\/index.php\/wp-json\/wp\/v2\/pages\/55\/revisions\/156"}],"wp:attachment":[{"href":"https:\/\/zen-shiatsu-bordeaux.com\/index.php\/wp-json\/wp\/v2\/media?parent=55"}],"curies":[{"name":"wp","href":"https:\/\/api.w.org\/{rel}","templated":true}]}}